{"id":3214,"date":"2018-05-12T07:18:06","date_gmt":"2018-05-12T05:18:06","guid":{"rendered":"http:\/\/www.sv-gebrazhofen.de\/?page_id=3214"},"modified":"2018-05-14T22:05:57","modified_gmt":"2018-05-14T20:05:57","slug":"volleyball-chronik","status":"publish","type":"page","link":"http:\/\/www.sv-gebrazhofen.de\/?page_id=3214","title":{"rendered":"Volleyball Chronik"},"content":{"rendered":"<p>Wie alles begann:<br \/>\nEs war im Fr\u00fchjahr 1992. In Gebrazhofen hatte sich eine Gruppe junger M\u00fctter zur ersten Mutter-Kind-Gruppe zusammen gefunden (die sogenannten Mukis). Diese Gruppe unternahm jedes Jahr an Christi-Himmelfahrt einen kleinen Ausflug mit Kind und Partner nach Herrot, um dort zu Grillen, Spiele zu machen und einen sch\u00f6nen Nachmittag zu haben. Dort wurde dann auch neben einer H\u00fctte der Volleyball von den Gebrazhofer Muki-M\u00e4nner \u201eins Leben gerufen\u201c. Ein Seil wurde gespannt und los ging&#8217;s. Und es hat an diesem Nachmittag den M\u00e4nnern so viel Spa\u00df gemacht, dass beschlossen wurde, weiterhin diesen Sport unter besseren Bedingungen zu betreiben. Der bis dahin haupts\u00e4chlich aus Fu\u00dfballern bestehende Sportverein erhielt somit Zuwachs durch Hobby-Volleyballer und f\u00fcr einen Abend in der Woche wurde auch schnell ein Trainings- und Spielabend gefunden.<\/p>\n<p><strong>Zamma-Kommer 1996<\/strong><\/p>\n<p><img loading=\"lazy\" decoding=\"async\" class=\"alignnone size-full wp-image-3253\" src=\"http:\/\/www.sv-gebrazhofen.de\/wp-content\/uploads\/2018\/05\/Zamma_Kommer_1996.jpg\" alt=\"\" width=\"1399\" height=\"1049\" srcset=\"http:\/\/www.sv-gebrazhofen.de\/wp-content\/uploads\/2018\/05\/Zamma_Kommer_1996.jpg 1399w, http:\/\/www.sv-gebrazhofen.de\/wp-content\/uploads\/2018\/05\/Zamma_Kommer_1996-595x446.jpg 595w, http:\/\/www.sv-gebrazhofen.de\/wp-content\/uploads\/2018\/05\/Zamma_Kommer_1996-768x576.jpg 768w, http:\/\/www.sv-gebrazhofen.de\/wp-content\/uploads\/2018\/05\/Zamma_Kommer_1996-960x720.jpg 960w, http:\/\/www.sv-gebrazhofen.de\/wp-content\/uploads\/2018\/05\/Zamma_Kommer_1996-400x300.jpg 400w\" sizes=\"auto, (max-width: 1399px) 100vw, 1399px\" \/><\/p>\n<p><em>V.l.n.r:\u00a0\u00a0\u00a0 Michael Benes, Wolfgang Blumer, Robert Widler, Jochaim Schwarz, <\/em><br \/>\n<em>\u00a0\u00a0\u00a0\u00a0\u00a0\u00a0\u00a0\u00a0\u00a0\u00a0\u00a0\u00a0\u00a0 Rainer Sch\u00e4dler, Roland Ruf, Bernhard Bareth, Brigitte Blumer, <\/em><br \/>\n<em>\u00a0\u00a0\u00a0\u00a0\u00a0\u00a0\u00a0\u00a0\u00a0\u00a0\u00a0\u00a0\u00a0 Siegfried Edelmann, Harald R\u00f6lle, Meinrad Springer, Lutz Burbulla, <\/em><br \/>\n<em>\u00a0\u00a0\u00a0\u00a0\u00a0\u00a0\u00a0\u00a0\u00a0\u00a0\u00a0\u00a0\u00a0 Martin Sch\u00e4dler<\/em><\/p>\n<p>Die ersten Jahre spielten die \u201eZamma-Kommer&#8220;, wie die Volleyballer ihren Haufen selber nannten, in der kleinen Halle in Gebrazhofen. Dort war aufgrund der geringen H\u00f6he und fehlendem Platz um das Spielfeld herum ein pr\u00e4ziser Aufschlag und gef\u00fchlvolle Ballbehandlung notwendig. In den ersten Jahren ging es haupts\u00e4chlich um den Spa\u00df am Spiel, was dazu f\u00fchrte, dass nach kurzer Aufw\u00e4rmzeit sehr bald schon die Mannschaften gew\u00e4hlt und mit dem Spielen begonnen wurde.<br \/>\nAuch au\u00dferhalb der Sporthalle wurden verschiedene Aktivit\u00e4ten gepflegt. Selbst-verst\u00e4ndlich war das Zusammensitzen nach jedem Sportabend &#8211; privat bei jemandem zuhause oder im Gasthof Adler. Auch das Radfahren war eine regelm\u00e4\u00dfige Aktivit\u00e4t w\u00e4hrend der Schulferien, wenn die Halle nicht zur Verf\u00fcgung stand. Dies gipfelte dann auch \u00fcber viele Jahre in einw\u00f6chigen Radtouren, die immer einen etwas anderen, abenteuerlichen Charakter hatten (so war es immer ein sportliches Bestreben, f\u00fcr die \u00dcbernachtung m\u00f6glichst wenig bis kein Geld zu investieren). Die Ziele waren die Seiser-Alm, die Schweiz, das Elsass, das Salzburger Land und das Elbsandsteingebirge.<\/p>\n<p><img loading=\"lazy\" decoding=\"async\" class=\"alignnone size-full wp-image-3252\" src=\"http:\/\/www.sv-gebrazhofen.de\/wp-content\/uploads\/2018\/05\/Zamma_Kommer_1.jpg\" alt=\"\" width=\"1399\" height=\"1049\" srcset=\"http:\/\/www.sv-gebrazhofen.de\/wp-content\/uploads\/2018\/05\/Zamma_Kommer_1.jpg 1399w, http:\/\/www.sv-gebrazhofen.de\/wp-content\/uploads\/2018\/05\/Zamma_Kommer_1-595x446.jpg 595w, http:\/\/www.sv-gebrazhofen.de\/wp-content\/uploads\/2018\/05\/Zamma_Kommer_1-768x576.jpg 768w, http:\/\/www.sv-gebrazhofen.de\/wp-content\/uploads\/2018\/05\/Zamma_Kommer_1-960x720.jpg 960w, http:\/\/www.sv-gebrazhofen.de\/wp-content\/uploads\/2018\/05\/Zamma_Kommer_1-400x300.jpg 400w\" sizes=\"auto, (max-width: 1399px) 100vw, 1399px\" \/><\/p>\n<p><em>Hintere Reihe: \u00a0 Harald R\u00f6lle, Benno Moosherr, Thomas Dilger, Carola Moosherr, <\/em><br \/>\n<em>\u00a0\u00a0\u00a0\u00a0\u00a0\u00a0\u00a0\u00a0\u00a0\u00a0\u00a0\u00a0\u00a0\u00a0\u00a0\u00a0\u00a0\u00a0\u00a0\u00a0\u00a0\u00a0\u00a0 \u00a0 Lutz Burbulla, Bernhard Bareth, Rainer Sch\u00e4dler, Susanne Trischler,<\/em><br \/>\n<em>Vordere Reihe:\u00a0 Simon Bareth, Georg Wagegg, Roland Ruf, Brigitte Blumer,<\/em><br \/>\n<em>\u00a0\u00a0\u00a0\u00a0\u00a0\u00a0\u00a0\u00a0\u00a0\u00a0\u00a0\u00a0\u00a0\u00a0\u00a0\u00a0\u00a0\u00a0\u00a0\u00a0\u00a0\u00a0\u00a0\u00a0\u00a0 Markus Neidhart, Christian Bemetz<\/em><\/p>\n<p>Nach den ersten paar Jahren in nahezu unver\u00e4nderter Besetzung kamen dann doch vereinzelt neue interessierte Spieler zur Gruppe dazu, darunter auch ein paar Frauen, die sich trotz M\u00e4nner\u00fcberschuss recht wohl f\u00fchlten und auch spielerisch nicht zur\u00fcckstanden. Mit dem Umzug in die neue Sporthalle im Jahr 2001 kamen dann auch neue, junge Spieler dazu die den Wunsch hatten, das spielerische K\u00f6nnen der Gruppe voranzubringen. Es wurde mehr Wert auf Technik und Taktik gelegt und dieses auch gezielt trainiert. Zugute kam dieser Entwicklung, dass es nun Spieler in der Gruppe gab, die die Trainingstechniken kannten und diese auch den anderen vermitteln konnten. Und wo fr\u00fcher nur ab und zu mal in Ger\u00fcmpelturnieren \u201eso zum Spa\u00df&#8220; gegen andere Mannschaften gespielt wurde, nahm man nun bei den Isnyern \u201ePleasure-Cup&#8220;-Turnieren teil, um sich regelm\u00e4\u00dfig mit andere Mannschaften zu messen. Parallel dazu ging es ab dem Jahr 2004 in der \u201eEichenkreuz&#8220;-Runde um gute Platzierungen. Zudem entstand die Idee zu einem Jugendtraining, geleitet von Markus Neidhart, Christian Bemetz und Thomas Dilger.<\/p>\n<p><strong>Zamma-Kommer 2002<\/strong><\/p>\n<p><img loading=\"lazy\" decoding=\"async\" class=\"alignnone size-full wp-image-3254\" src=\"http:\/\/www.sv-gebrazhofen.de\/wp-content\/uploads\/2018\/05\/Zamma_Kommer_2002.jpg\" alt=\"\" width=\"1412\" height=\"1037\" srcset=\"http:\/\/www.sv-gebrazhofen.de\/wp-content\/uploads\/2018\/05\/Zamma_Kommer_2002.jpg 1412w, http:\/\/www.sv-gebrazhofen.de\/wp-content\/uploads\/2018\/05\/Zamma_Kommer_2002-595x437.jpg 595w, http:\/\/www.sv-gebrazhofen.de\/wp-content\/uploads\/2018\/05\/Zamma_Kommer_2002-768x564.jpg 768w, http:\/\/www.sv-gebrazhofen.de\/wp-content\/uploads\/2018\/05\/Zamma_Kommer_2002-960x705.jpg 960w, http:\/\/www.sv-gebrazhofen.de\/wp-content\/uploads\/2018\/05\/Zamma_Kommer_2002-408x300.jpg 408w\" sizes=\"auto, (max-width: 1412px) 100vw, 1412px\" \/><\/p>\n<p><em>Hinten v.l.:\u00a0\u00a0 Markus Neidhart, Hermann Dilger, Siegfried Edelmann, Frank Tr\u00f6llmich, <\/em><br \/>\n<em>\u00a0\u00a0\u00a0\u00a0\u00a0\u00a0\u00a0\u00a0\u00a0\u00a0\u00a0\u00a0\u00a0\u00a0\u00a0\u00a0\u00a0\u00a0 Martin Sch\u00e4dler, Peter Troll, Christian Bemetz<\/em><br \/>\n<em>Mitte v.l.:\u00a0\u00a0\u00a0\u00a0 Michaela Wechsel, Dietmar Sch\u00e4dler, Thomas Voigt, Roland Ruf, <\/em><br \/>\n<em>\u00a0\u00a0\u00a0\u00a0\u00a0\u00a0\u00a0\u00a0\u00a0\u00a0\u00a0\u00a0\u00a0\u00a0\u00a0\u00a0\u00a0\u00a0 Georg Wagegg, Armin Bemetz<\/em><br \/>\n<em>Vorne v.l.:\u00a0\u00a0 Harald R\u00f6lle, Susanne Trischler, Carola Moosherr, Rainer Sch\u00e4dler, <\/em><br \/>\n<em>\u00a0\u00a0\u00a0\u00a0\u00a0\u00a0\u00a0\u00a0\u00a0\u00a0\u00a0\u00a0\u00a0\u00a0\u00a0\u00a0\u00a0\u00a0 Bernhard Bareth (liegend)<\/em><\/p>\n<p><strong>Zamma-Kommer 2003<\/strong><\/p>\n<p><img loading=\"lazy\" decoding=\"async\" class=\"alignnone size-full wp-image-3255\" src=\"http:\/\/www.sv-gebrazhofen.de\/wp-content\/uploads\/2018\/05\/Zamma_Kommer_2003.jpg\" alt=\"\" width=\"1395\" height=\"1049\" srcset=\"http:\/\/www.sv-gebrazhofen.de\/wp-content\/uploads\/2018\/05\/Zamma_Kommer_2003.jpg 1395w, http:\/\/www.sv-gebrazhofen.de\/wp-content\/uploads\/2018\/05\/Zamma_Kommer_2003-595x447.jpg 595w, http:\/\/www.sv-gebrazhofen.de\/wp-content\/uploads\/2018\/05\/Zamma_Kommer_2003-768x578.jpg 768w, http:\/\/www.sv-gebrazhofen.de\/wp-content\/uploads\/2018\/05\/Zamma_Kommer_2003-960x722.jpg 960w, http:\/\/www.sv-gebrazhofen.de\/wp-content\/uploads\/2018\/05\/Zamma_Kommer_2003-399x300.jpg 399w\" sizes=\"auto, (max-width: 1395px) 100vw, 1395px\" \/><\/p>\n<p><em>Hintere Reihe:\u00a0\u00a0 Martin Sch\u00e4dler, Dietmar Sch\u00e4dler, Carola Moosherr, Ulrike Gl\u00fcck, <\/em><br \/>\n<em>\u00a0\u00a0\u00a0\u00a0\u00a0\u00a0\u00a0\u00a0\u00a0\u00a0\u00a0\u00a0\u00a0\u00a0\u00a0\u00a0\u00a0\u00a0\u00a0\u00a0\u00a0\u00a0\u00a0\u00a0\u00a0 Brigitte Blumer,<\/em><br \/>\n<em>Mittlere Reihe:\u00a0\u00a0 Lutz Burbulla, Rainer Sch\u00e4dler, Peter Troll, Markus Neidhart, <\/em><br \/>\n<em>\u00a0\u00a0\u00a0\u00a0\u00a0\u00a0\u00a0\u00a0\u00a0\u00a0\u00a0\u00a0\u00a0\u00a0\u00a0\u00a0\u00a0\u00a0\u00a0\u00a0\u00a0\u00a0\u00a0\u00a0\u00a0 Christian Bemetz, Hermann Dilger,<\/em><br \/>\n<em>Vordere Reihe:\u00a0 Siegfried Edelmann, Georg Wagegg, Roland Ruf, SusanneTrischler\u00a0\u00a0\u00a0\u00a0\u00a0\u00a0\u00a0\u00a0\u00a0 <\/em><br \/>\n<em>\u00a0\u00a0\u00a0\u00a0\u00a0\u00a0\u00a0\u00a0\u00a0\u00a0\u00a0\u00a0\u00a0\u00a0\u00a0\u00a0\u00a0\u00a0\u00a0\u00a0\u00a0\u00a0\u00a0\u00a0\u00a0 Franziska Villinger<\/em><\/p>\n<p>Nach und nach nahm die Trainingsteilnahme der Gr\u00fcndungsmitglieder ab und Jugendliche kamen zu den Trainingsterminen hinzu. Die Zamma-Kommer trafen sich nun unregel-m\u00e4\u00dfiger. Sie gr\u00fcndeten jedoch gewisserma\u00dfen die Abteilung Volleyball, die fortan als fester und wichtiger Bestandteil des SVG gilt.<\/p>\n<p><strong>Ein Generationenwechsel beginnt:<\/strong><br \/>\nAus den Jugendlichen ergab sich eine M\u00e4dchenmannschaft, die in der Eichenkreuz-Jugendliga startete.<br \/>\nAb der Saison 2006\/07 starteten die Damen in der Kreisliga B und belegten den vierten Platz. Zeitgleich spielten sie in der Bezirksklasse der Jugendmannschaften. Die m\u00e4nn-lichen Jugendlichen spielten in der A-Jugend Bezirksklasse und sicherten sich gleich im ersten Jahr ungeschlagen den Meistertitel.<\/p>\n<p>Ab 2007 spielte diese Jugendmannschaft in der Leistungsstaffel um die Qualifikation zur S\u00fcddeutschen Meisterschaft, welche leider nicht erreicht wurde. Ebenfalls stellten diese Spieler eine Herrenmannschaft. Diese stiegen als Zweiter der B-Klasse direkt in die A-Klasse auf. Die Damen erreichten den zweiten Platz in der Aktiven Kreisliga B, verblieben aber in der Liga. Im Jugendbereich verbuchten sie den 3. Platz. Somit startete die Teilnahme am aktiven Spielbetrieb des VLW.<br \/>\nIn der Saison 2008\/09 spielten die Herren im ersten Jahr in der Kreisliga A und scheiterten als Zweiter der Liga denkbar knapp in der Relegation um den Aufstieg in die Bezirksliga. Die Damen kamen auf den vierten Platz der Tabelle der B-Klasse.<br \/>\nNun begannen die ersten Mitglieder der Abteilung den Grundkurs f\u00fcr die Trainerlizenz C zu belegen. Parallel dazu wurden von vielen Mitgliedern die Pr\u00fcfung zur Schieds-richterlizenz D abgelegt. Beides war notwendig um den aktiven Spielbetrieb aufrecht zu erhalten.<br \/>\nEin Jahr darauf stellten die Herren eine zweite Mannschaft, die den vierten Rang in der B-Klasse belegte. Die Damen wurden in dieser Runde Dritte. Die erste Herren-mannschaft erlangte in einem spannenden Saisonendspurt den Meistertitel der A-Klasse und stieg direkt in die Bezirksliga auf.<\/p>\n<p><strong>Herren I, Meistermannschaft 2009\/2010<\/strong><\/p>\n<p><img loading=\"lazy\" decoding=\"async\" class=\"alignnone size-full wp-image-3256\" src=\"http:\/\/www.sv-gebrazhofen.de\/wp-content\/uploads\/2018\/05\/Herren_I_2009-10.jpg\" alt=\"\" width=\"1374\" height=\"908\" srcset=\"http:\/\/www.sv-gebrazhofen.de\/wp-content\/uploads\/2018\/05\/Herren_I_2009-10.jpg 1374w, http:\/\/www.sv-gebrazhofen.de\/wp-content\/uploads\/2018\/05\/Herren_I_2009-10-595x393.jpg 595w, http:\/\/www.sv-gebrazhofen.de\/wp-content\/uploads\/2018\/05\/Herren_I_2009-10-768x508.jpg 768w, http:\/\/www.sv-gebrazhofen.de\/wp-content\/uploads\/2018\/05\/Herren_I_2009-10-960x634.jpg 960w, http:\/\/www.sv-gebrazhofen.de\/wp-content\/uploads\/2018\/05\/Herren_I_2009-10-454x300.jpg 454w\" sizes=\"auto, (max-width: 1374px) 100vw, 1374px\" \/><\/p>\n<p><em>V.l.:\u00a0 Trainer Lutz Burbulla, Roland Schoder, Andreas Schmid, Alexander Warnke,<\/em><br \/>\n<em>\u00a0\u00a0\u00a0\u00a0\u00a0\u00a0\u00a0 Armin Bemetz, Thomas Thalheimer, Oliver Riess, Ilias Thei\u00df, Manuel Menig,\u00a0\u00a0\u00a0\u00a0\u00a0\u00a0\u00a0\u00a0\u00a0 <\/em><br \/>\n<em>\u00a0\u00a0\u00a0\u00a0\u00a0\u00a0\u00a0 Christian Bemetz, Felix H\u00fcfner, Abteilungsleiter Markus Neidhart<\/em><\/p>\n<p><strong>Bezirksligaaufstieg in Bellenberg am 28.03.2010<\/strong><\/p>\n<p><img loading=\"lazy\" decoding=\"async\" class=\"alignnone size-full wp-image-3257\" src=\"http:\/\/www.sv-gebrazhofen.de\/wp-content\/uploads\/2018\/05\/Bezirksligaaufstieg_in_Bellenberg_28-03-10.jpg\" alt=\"\" width=\"1441\" height=\"895\" srcset=\"http:\/\/www.sv-gebrazhofen.de\/wp-content\/uploads\/2018\/05\/Bezirksligaaufstieg_in_Bellenberg_28-03-10.jpg 1441w, http:\/\/www.sv-gebrazhofen.de\/wp-content\/uploads\/2018\/05\/Bezirksligaaufstieg_in_Bellenberg_28-03-10-595x370.jpg 595w, http:\/\/www.sv-gebrazhofen.de\/wp-content\/uploads\/2018\/05\/Bezirksligaaufstieg_in_Bellenberg_28-03-10-768x477.jpg 768w, http:\/\/www.sv-gebrazhofen.de\/wp-content\/uploads\/2018\/05\/Bezirksligaaufstieg_in_Bellenberg_28-03-10-960x596.jpg 960w, http:\/\/www.sv-gebrazhofen.de\/wp-content\/uploads\/2018\/05\/Bezirksligaaufstieg_in_Bellenberg_28-03-10-483x300.jpg 483w\" sizes=\"auto, (max-width: 1441px) 100vw, 1441px\" \/><\/p>\n<p><strong>2010-2013:<\/strong><\/p>\n<p>Im Jahr 2011 wurde die Abteilung Volleyball vom Freizeitsport ausgegliedert und war von nun an selbst\u00e4ndig. Markus Neidhart \u00fcbernahm die Aufgabe des Abteilungsleiters und f\u00fchrte diese bis 2013 fort.<br \/>\nDie zweite Herrenmannschaft existierte noch bis 2011 und wurde dann aufgrund von Personalproblemen abgemeldet. Die verbliebenen Spieler wurden in die erste Herren-mannschaft aufgenommen. Der H\u00f6hepunkt der Saison 2010\/2011 war der Gewinn des Bezirkspokals in Ailingen. Dieser Titel konnte seither nicht mehr erlangt werden und bleibt somit einzigartig.<br \/>\nBis 2013 spielten die Herren in der Bezirksliga und konnten in der Saison 2012\/13 den zweiten Platz erlangen, der zur Relegation in die Landesliga berechtigte. In diesem Turnier, bei dem man das Heimrecht hatte, wurde der dritte Platz erreicht, der in diesem Jahr gleichbedeutend mit dem Aufstieg in die Landesliga war. Der bis dato gr\u00f6\u00dfte Erfolg der noch jungen Volleyballabteilung. Trainer Lutz Burbulla trat nach dem Motto \u201eMan soll aufh\u00f6ren, wenn es am Sch\u00f6nsten ist&#8220; zur\u00fcck. Die Mannschaft trainierte sich ab diesem Zeitpunkt selbst.<br \/>\nDie Damen spielten im selben Zeitraum fortw\u00e4hrend in der Kreisliga B und erlangten ebenfalls im Jahr 2013 den notwendigen zweiten Rang f\u00fcr die Aufstiegsrelegation. Dieser gelang am selbigen Tag, wie den Herren. So konnten beide Mannschaften zusammen den Aufstieg in die h\u00f6here Spielklasse feiern.<\/p>\n<p><strong>Herren I 2012\/2013<\/strong><\/p>\n<p><img loading=\"lazy\" decoding=\"async\" class=\"alignnone size-full wp-image-3258\" src=\"http:\/\/www.sv-gebrazhofen.de\/wp-content\/uploads\/2018\/05\/Herren_I_2012-13.jpg\" alt=\"\" width=\"1316\" height=\"870\" srcset=\"http:\/\/www.sv-gebrazhofen.de\/wp-content\/uploads\/2018\/05\/Herren_I_2012-13.jpg 1316w, http:\/\/www.sv-gebrazhofen.de\/wp-content\/uploads\/2018\/05\/Herren_I_2012-13-595x393.jpg 595w, http:\/\/www.sv-gebrazhofen.de\/wp-content\/uploads\/2018\/05\/Herren_I_2012-13-768x508.jpg 768w, http:\/\/www.sv-gebrazhofen.de\/wp-content\/uploads\/2018\/05\/Herren_I_2012-13-960x635.jpg 960w, http:\/\/www.sv-gebrazhofen.de\/wp-content\/uploads\/2018\/05\/Herren_I_2012-13-454x300.jpg 454w\" sizes=\"auto, (max-width: 1316px) 100vw, 1316px\" \/><\/p>\n<p><em>Hinten:\u00a0\u00a0 Andreas Schmid, Elias Zimmermann, Alexander Warnke, Fabian Notz, <\/em><br \/>\n<em>\u00a0\u00a0\u00a0\u00a0\u00a0\u00a0\u00a0\u00a0\u00a0\u00a0\u00a0\u00a0\u00a0 Markus Schmid, Manuel Lauber, Thomas Thalheimer, Trainer Lutz Burbulla,<\/em><br \/>\n<em>Vorne:\u00a0\u00a0 Ilias Thei\u00df, Oliver Riess, Manuel Menig, Mathias Raschka, Armin Bemetz<\/em><\/p>\n<p><strong>Damen I 2012\/2013<\/strong><\/p>\n<p><img loading=\"lazy\" decoding=\"async\" class=\"alignnone size-full wp-image-3259\" src=\"http:\/\/www.sv-gebrazhofen.de\/wp-content\/uploads\/2018\/05\/Damen_I_2012-13.jpg\" alt=\"\" width=\"1312\" height=\"883\" srcset=\"http:\/\/www.sv-gebrazhofen.de\/wp-content\/uploads\/2018\/05\/Damen_I_2012-13.jpg 1312w, http:\/\/www.sv-gebrazhofen.de\/wp-content\/uploads\/2018\/05\/Damen_I_2012-13-595x400.jpg 595w, http:\/\/www.sv-gebrazhofen.de\/wp-content\/uploads\/2018\/05\/Damen_I_2012-13-768x517.jpg 768w, http:\/\/www.sv-gebrazhofen.de\/wp-content\/uploads\/2018\/05\/Damen_I_2012-13-960x646.jpg 960w, http:\/\/www.sv-gebrazhofen.de\/wp-content\/uploads\/2018\/05\/Damen_I_2012-13-446x300.jpg 446w\" sizes=\"auto, (max-width: 1312px) 100vw, 1312px\" \/><\/p>\n<p><em>Hinten:\u00a0\u00a0 Julia Boscher, Trainer Thomas Thalheimer, Regina Biechele, Regina Hengge,<br \/>\nStephanie Rau, Gabi Schmid, Brigitte Maier,<\/em><br \/>\n<em>Vorne:\u00a0\u00a0\u00a0 Linda Pfister, Regina Bemetz, Ingrid Maier, Carina Schaich<\/em><\/p>\n<p>Das Jahr 2013\/14 verlief f\u00fcr beide Mannschaften in den h\u00f6heren Ligen weniger erfreulich. Beide aktive Teams mussten gleich nach dem ersten Jahr wieder den Gang in die Bezirks- bzw. Kreisliga B gehen. Erfreulich war, dass in dieser Saison wieder eine weibliche Jugendmannschaft gestellt werden konnte. Diese sollte auf den \u00dcbertritt in die Damen-mannschaft vorbereitet werden. Bei der Damenmannschaft erfolgte 2014 ein Umbruch. Jugendspielerinnen wurden St\u00fcck f\u00fcr St\u00fcck in den aktiven Spielbetrieb eingebaut, bis schlie\u00dflich alle Spielerinnen in der Damenmannschaft ihren Platz fanden. Seither erreichen die Damen stets Pl\u00e4tze im vorderen Tabellendrittel.<br \/>\nDie Trainersituation galt es nun neu zu regeln. Da Mitglieder des Teams den Trainergrund-kurs absolviert hatten, entschied man sich den Posten zu teilen. Armin Bemetz, Thomas Thalheimer, Ingo Kolaschnik und Andreas Schmid stimmen sich seither in enger Absprache zu den Trainingsinhalten und Spieltaktiken ab. Das Coaching an Spieltagen \u00fcbernahm Ingo Kolaschnik. Die Herrenmannschaft machte sich so in dem Jahr an den direkten Wiederauf-stieg in die Landesliga. Dieser gelang nach kleinem Stolpern zu Saisonbeginn auch postwendend. Zudem erlangten die Herren in diesem Jahr den Meistertitel der Bezirksliga.<br \/>\nZur\u00fcck in der Landesliga erreichten die Herren im Dezember 2015 \u00fcberraschend die Herbstmeisterschaft. Ein weiterer H\u00f6hepunkt der Saison war das Aufeinandertreffen gegen den damaligen Drittligisten TV Rottenburg II in der zweiten Runde des Verbandspokals. Zwar ging das Spiel mit 0:3 verloren, jedoch vertraten die Herren den Verein in diesem Tag in eigener Halle bestens. Leider erfolgte nach dem Jahreswechsel ein Leistungseinbruch, dennoch konnten die Herren den f\u00fcnften Platz und somit die Liga halten.<\/p>\n<p><strong>Herren I 2015\/2016<\/strong><\/p>\n<p><img loading=\"lazy\" decoding=\"async\" class=\"alignnone size-full wp-image-3260\" src=\"http:\/\/www.sv-gebrazhofen.de\/wp-content\/uploads\/2018\/05\/Herren_I_2015-16.jpg\" alt=\"\" width=\"1324\" height=\"879\" srcset=\"http:\/\/www.sv-gebrazhofen.de\/wp-content\/uploads\/2018\/05\/Herren_I_2015-16.jpg 1324w, http:\/\/www.sv-gebrazhofen.de\/wp-content\/uploads\/2018\/05\/Herren_I_2015-16-595x395.jpg 595w, http:\/\/www.sv-gebrazhofen.de\/wp-content\/uploads\/2018\/05\/Herren_I_2015-16-768x510.jpg 768w, http:\/\/www.sv-gebrazhofen.de\/wp-content\/uploads\/2018\/05\/Herren_I_2015-16-960x637.jpg 960w, http:\/\/www.sv-gebrazhofen.de\/wp-content\/uploads\/2018\/05\/Herren_I_2015-16-452x300.jpg 452w\" sizes=\"auto, (max-width: 1324px) 100vw, 1324px\" \/><\/p>\n<p><em>Hinten:\u00a0\u00a0 Ingo Kolaschnik, Andreas Schmid, Alexander Warnke, Thomas Thalheimer,<br \/>\nElias Zimmermann, Manuel Menig<\/em><br \/>\n<em>Vorne:\u00a0\u00a0\u00a0 Fabian Notz, Oliver Riess, Ilias Thei\u00df, Michael P\u00e4tzold, Armin Bemetz<\/em><\/p>\n<p>In der Saison 2016\/17 verpassten die Damen unter Neu-Trainer Dominik Vogel am letzten Spieltag knapp den Relegationsplatz und spielen 2017\/18 wieder in der Kreisliga B. Die Herren k\u00e4mpften lange um den Klassenerhalt in der Landesliga S\u00fcd. Zu keinem Zeitpunkt der Runde standen sie auf einem Platz, der zum Ligaverbleib berechtigte. Erst nach einem furiosen Schlussspurt gelang zuhause mit zwei Siegen der Sprung auf Rang 6, der den Klassenerhalt bedeutete.<\/p>\n<p><strong>Herren I 2016\/2017<\/strong><\/p>\n<p><img loading=\"lazy\" decoding=\"async\" class=\"alignnone size-full wp-image-3261\" src=\"http:\/\/www.sv-gebrazhofen.de\/wp-content\/uploads\/2018\/05\/Herren_I_2016-17.jpg\" alt=\"\" width=\"1374\" height=\"866\" srcset=\"http:\/\/www.sv-gebrazhofen.de\/wp-content\/uploads\/2018\/05\/Herren_I_2016-17.jpg 1374w, http:\/\/www.sv-gebrazhofen.de\/wp-content\/uploads\/2018\/05\/Herren_I_2016-17-595x375.jpg 595w, http:\/\/www.sv-gebrazhofen.de\/wp-content\/uploads\/2018\/05\/Herren_I_2016-17-768x484.jpg 768w, http:\/\/www.sv-gebrazhofen.de\/wp-content\/uploads\/2018\/05\/Herren_I_2016-17-960x605.jpg 960w, http:\/\/www.sv-gebrazhofen.de\/wp-content\/uploads\/2018\/05\/Herren_I_2016-17-476x300.jpg 476w\" sizes=\"auto, (max-width: 1374px) 100vw, 1374px\" \/><\/p>\n<p><em>Hinten:\u00a0\u00a0\u00a0 Alexander Warnke, Oliver Riess, Markus Schmid, Andreas Schmid <\/em><br \/>\n<em>\u00a0\u00a0\u00a0\u00a0\u00a0\u00a0\u00a0\u00a0\u00a0\u00a0\u00a0\u00a0\u00a0\u00a0 und Fabian Notz, Manuel Menig, Thomas Thalheimer, Ingo Kolaschnik<\/em><br \/>\n<em>Vorne:\u00a0\u00a0\u00a0\u00a0 Michael P\u00e4tzold, Armin Bemetz<\/em><br \/>\n<em>Es fehlt:\u00a0 Elias Zimmermann<\/em><\/p>\n<p><strong>Trainer:<\/strong><br \/>\nChristian Bemetz (Jugend und Herren, 2002-2012)<br \/>\nMarkus Neidhart (Jugend und Damen, 2002-2011)<br \/>\nLutz Burbulla (Jugend, Damen und Herren, 2006-2013)<br \/>\nThomas Thalheimer (Damen und Herren, seit 2011)<br \/>\nArmin Bemetz (Jugend und Herren, seit 2011)<br \/>\nAndreas Schmid (Jugend und Herren, seit 2011)<br \/>\nManuel Menig (Jugend und Damen, seit 2012)<br \/>\nIngo Kolaschnik (Herren, seit 2014)<br \/>\nDominik Vogel (Damen, seit 2016)<\/p>\n<p><strong>Abteilungsleiter:<\/strong><br \/>\nMarkus Neidhart (2011-2013)<br \/>\nGabi Schmid (2013-2015)<br \/>\nFabian Notz (seit 2015)<\/p>\n<p>&nbsp;<\/p>\n","protected":false},"excerpt":{"rendered":"<p>Wie alles begann: Es war im Fr\u00fchjahr 1992. In Gebrazhofen hatte sich eine Gruppe junger M\u00fctter zur ersten Mutter-Kind-Gruppe zusammen gefunden (die sogenannten Mukis). Diese Gruppe unternahm jedes Jahr an Christi-Himmelfahrt einen kleinen Ausflug mit Kind und Partner nach Herrot, &hellip; <a href=\"http:\/\/www.sv-gebrazhofen.de\/?page_id=3214\">Weiterlesen <span class=\"meta-nav\">&rarr;<\/span><\/a><\/p>\n","protected":false},"author":1,"featured_media":0,"parent":0,"menu_order":0,"comment_status":"closed","ping_status":"closed","template":"","meta":{"footnotes":""},"class_list":["post-3214","page","type-page","status-publish","hentry"],"_links":{"self":[{"href":"http:\/\/www.sv-gebrazhofen.de\/index.php?rest_route=\/wp\/v2\/pages\/3214","targetHints":{"allow":["GET"]}}],"collection":[{"href":"http:\/\/www.sv-gebrazhofen.de\/index.php?rest_route=\/wp\/v2\/pages"}],"about":[{"href":"http:\/\/www.sv-gebrazhofen.de\/index.php?rest_route=\/wp\/v2\/types\/page"}],"author":[{"embeddable":true,"href":"http:\/\/www.sv-gebrazhofen.de\/index.php?rest_route=\/wp\/v2\/users\/1"}],"replies":[{"embeddable":true,"href":"http:\/\/www.sv-gebrazhofen.de\/index.php?rest_route=%2Fwp%2Fv2%2Fcomments&post=3214"}],"version-history":[{"count":3,"href":"http:\/\/www.sv-gebrazhofen.de\/index.php?rest_route=\/wp\/v2\/pages\/3214\/revisions"}],"predecessor-version":[{"id":3262,"href":"http:\/\/www.sv-gebrazhofen.de\/index.php?rest_route=\/wp\/v2\/pages\/3214\/revisions\/3262"}],"wp:attachment":[{"href":"http:\/\/www.sv-gebrazhofen.de\/index.php?rest_route=%2Fwp%2Fv2%2Fmedia&parent=3214"}],"curies":[{"name":"wp","href":"https:\/\/api.w.org\/{rel}","templated":true}]}}